{"id":33,"date":"2016-09-24T17:56:06","date_gmt":"2016-09-24T15:56:06","guid":{"rendered":"http:\/\/www.akupunktura-online.cz\/?page_id=33"},"modified":"2023-07-26T18:42:31","modified_gmt":"2023-07-26T16:42:31","slug":"akupunktura-a-bolesti-v-zadech","status":"publish","type":"page","link":"https:\/\/www.akupunktura-online.cz\/?page_id=33","title":{"rendered":"AKUPUNKTURA A BOLESTI V Z\u00c1DECH"},"content":{"rendered":"<p><strong>TR\u00c1P\u00cd V\u00c1S <\/strong><strong>BOLESTI V\u00a0Z\u00c1DECH ?<\/strong><\/p>\n<p><strong>Nab\u00edz\u00edme V\u00e1m \u0159e\u0161en\u00ed: <\/strong><br \/>\nkombinovanou l\u00e9\u010dbu pomoc\u00ed specieln\u00edch mas\u00e1\u017e\u00ed, akupunktury a proh\u0159\u00edv\u00e1n\u00ed TDP lampou.Tato l\u00e9\u010dba je velice \u00fa\u010dinn\u00e1 zejm\u00e9na p\u0159i bolestech v\u00a0bedern\u00ed p\u00e1te\u0159i, v\u00fdh\u0159ezech meziobratlov\u00fdch plot\u00e9nek, bolestech vyst\u0159eluj\u00edc\u00edch ze zad do nohy, bolestech v\u00a0oblastech \u0161\u00edje a mezi lopatkami.<\/p>\n<p>Podle nejnov\u011bj\u0161\u00edch poznatk\u016f je akupunktura nejefektivn\u011bj\u0161\u00ed n\u00e1stroj k\u00a0ti\u0161en\u00ed bolesti v\u00a0z\u00e1dech. V\u00fdsledky n\u011bmeck\u00fdch v\u011bdc\u016f z\u00a0Ruhrsk\u00e9 univerzity v\u00a0Bochumi ukazuj\u00ed, \u017ee polovina pacient\u016f se zbavila p\u0159i l\u00e9\u010db\u011b akupunkturou chronick\u00fdch bolest\u00ed zad na cel\u00e9 m\u011bs\u00edce, zat\u00edmco vliv jin\u00fdch druh\u016f l\u00e9\u010den\u00ed (sedativa, injekce apod.) byl nejen krat\u0161\u00ed, ale i omezen\u011bj\u0161\u00ed \u2013 \u00falevu poc\u00edtila jen \u010dtvrtina pacient\u016f a to na krat\u0161\u00ed dobu.<\/p>\n<p>Cena:<br \/>\n\u2013 vstupn\u00ed prohl\u00eddka, vy\u0161et\u0159en\u00ed a prvn\u00ed o\u0161et\u0159en\u00ed\u00a0 \u00a0 1.500,- K\u010d<br \/>\n\u2013 ka\u017ed\u00e9 dal\u0161\u00ed sezen\u00ed\u00a0 \u00a0 \u00a0 \u00a0 \u00a0 \u00a0 \u00a0 \u00a0 \u00a0 \u00a0 \u00a0 \u00a0 \u00a0 \u00a0 \u00a0 \u00a0 \u00a0 \u00a0 \u00a0 \u00a0 \u00a0 \u00a0 \u00a0 \u00a0800,- K\u010d<\/p>\n","protected":false},"excerpt":{"rendered":"<p>TR\u00c1P\u00cd V\u00c1S BOLESTI V\u00a0Z\u00c1DECH ? Nab\u00edz\u00edme V\u00e1m \u0159e\u0161en\u00ed: kombinovanou l\u00e9\u010dbu pomoc\u00ed specieln\u00edch mas\u00e1\u017e\u00ed, akupunktury a proh\u0159\u00edv\u00e1n\u00ed TDP lampou.Tato l\u00e9\u010dba je velice \u00fa\u010dinn\u00e1 zejm\u00e9na p\u0159i bolestech v\u00a0bedern\u00ed p\u00e1te\u0159i, v\u00fdh\u0159ezech meziobratlov\u00fdch plot\u00e9nek, bolestech vyst\u0159eluj\u00edc\u00edch ze zad do nohy, bolestech v\u00a0oblastech \u0161\u00edje a mezi lopatkami. Podle nejnov\u011bj\u0161\u00edch poznatk\u016f je akupunktura nejefektivn\u011bj\u0161\u00ed n\u00e1stroj k\u00a0ti\u0161en\u00ed bolesti v\u00a0z\u00e1dech. V\u00fdsledky n\u011bmeck\u00fdch v\u011bdc\u016f &hellip; <a href=\"https:\/\/www.akupunktura-online.cz\/?page_id=33\" class=\"more-link\">Pokra\u010dov\u00e1n\u00ed textu <span class=\"screen-reader-text\">AKUPUNKTURA A BOLESTI V Z\u00c1DECH<\/span> <span class=\"meta-nav\">&rarr;<\/span><\/a><\/p>\n","protected":false},"author":1,"featured_media":0,"parent":0,"menu_order":0,"comment_status":"closed","ping_status":"closed","template":"","meta":{"footnotes":""},"class_list":["post-33","page","type-page","status-publish","hentry"],"_links":{"self":[{"href":"https:\/\/www.akupunktura-online.cz\/index.php?rest_route=\/wp\/v2\/pages\/33","targetHints":{"allow":["GET"]}}],"collection":[{"href":"https:\/\/www.akupunktura-online.cz\/index.php?rest_route=\/wp\/v2\/pages"}],"about":[{"href":"https:\/\/www.akupunktura-online.cz\/index.php?rest_route=\/wp\/v2\/types\/page"}],"author":[{"embeddable":true,"href":"https:\/\/www.akupunktura-online.cz\/index.php?rest_route=\/wp\/v2\/users\/1"}],"replies":[{"embeddable":true,"href":"https:\/\/www.akupunktura-online.cz\/index.php?rest_route=%2Fwp%2Fv2%2Fcomments&post=33"}],"version-history":[{"count":4,"href":"https:\/\/www.akupunktura-online.cz\/index.php?rest_route=\/wp\/v2\/pages\/33\/revisions"}],"predecessor-version":[{"id":135,"href":"https:\/\/www.akupunktura-online.cz\/index.php?rest_route=\/wp\/v2\/pages\/33\/revisions\/135"}],"wp:attachment":[{"href":"https:\/\/www.akupunktura-online.cz\/index.php?rest_route=%2Fwp%2Fv2%2Fmedia&parent=33"}],"curies":[{"name":"wp","href":"https:\/\/api.w.org\/{rel}","templated":true}]}}